{"id":238,"date":"2026-02-12T13:42:08","date_gmt":"2026-02-12T11:42:08","guid":{"rendered":"https:\/\/alexishazard.com\/?page_id=238"},"modified":"2026-02-12T15:41:37","modified_gmt":"2026-02-12T13:41:37","slug":"festival-magie","status":"publish","type":"page","link":"https:\/\/alexishazard.com\/index.php\/festival-magie\/","title":{"rendered":"FESTIVAL MAGIE"},"content":{"rendered":"\n<figure class=\"wp-block-image size-full\"><img loading=\"lazy\" decoding=\"async\" width=\"954\" height=\"487\" src=\"https:\/\/alexishazard.com\/wp-content\/uploads\/2026\/02\/25-ans-festival.png\" alt=\"\" class=\"wp-image-239\" srcset=\"https:\/\/alexishazard.com\/wp-content\/uploads\/2026\/02\/25-ans-festival.png 954w, https:\/\/alexishazard.com\/wp-content\/uploads\/2026\/02\/25-ans-festival-300x153.png 300w, https:\/\/alexishazard.com\/wp-content\/uploads\/2026\/02\/25-ans-festival-768x392.png 768w\" sizes=\"auto, (max-width: 954px) 100vw, 954px\" \/><\/figure>\n\n\n\n<figure class=\"wp-block-image alignleft size-full\"><img loading=\"lazy\" decoding=\"async\" width=\"378\" height=\"534\" src=\"https:\/\/alexishazard.com\/wp-content\/uploads\/2026\/02\/festival-image-1.png\" alt=\"\" class=\"wp-image-240\" srcset=\"https:\/\/alexishazard.com\/wp-content\/uploads\/2026\/02\/festival-image-1.png 378w, https:\/\/alexishazard.com\/wp-content\/uploads\/2026\/02\/festival-image-1-212x300.png 212w\" sizes=\"auto, (max-width: 378px) 100vw, 378px\" \/><\/figure>\n\n\n\n<p><strong><em>Depuis 25 ans,<\/em><\/strong><em> le <\/em><strong><em>Festival de Magie Lille M\u00e9tropole<\/em><\/strong><em> est un \u00e9v\u00e9nement majeur dans le monde de la magie, cr\u00e9\u00e9 en <\/em><strong><em>2001<\/em><\/strong><em> par le magicien <\/em><strong><em>Alexis Hazard<\/em><\/strong><em> et parrain\u00e9 par St\u00e9phane Bern.&nbsp;<\/em><\/p>\n\n\n\n<p>Son objectif est de mettre \u00e0 l&rsquo;honneur l&rsquo;art magique <strong>sous toutes ses formes<\/strong>, en accueillant des artistes de renomm\u00e9e mondiale<em>.<\/em><\/p>\n\n\n\n<p>Depuis sa cr\u00e9ation, le festival s&rsquo;est impos\u00e9 comme un rendez-vous incontournable pour les amateurs de magie.&nbsp;<\/p>\n\n\n\n<p>Il pr\u00e9sente un \u00e9ventail tr\u00e8s large de disciplines magiques, allant de la <strong>manipulation<\/strong> au <strong>mentalisme<\/strong>, en passant par la <strong>prestidigitation<\/strong>, la <strong>grande illusion<\/strong>, la <strong>magie comique<\/strong> et la <strong>magie interactive<\/strong>. Les spectateurs peuvent ainsi d\u00e9couvrir la diversit\u00e9 et la richesse de cet art mill\u00e9naire.&nbsp;<\/p>\n\n\n\n<p>Chaque \u00e9dition du festival r\u00e9unit des magiciens prim\u00e9s dans les plus prestigieux festivals de magie du monde et qui se sont produits dans des \u00e9missions de t\u00e9l\u00e9vision reconnues. L&rsquo;objectif est d&rsquo;offrir au public des spectacles de haute qualit\u00e9, remplis de myst\u00e8re, d&rsquo;extraordinaire et de po\u00e9sie.&nbsp;<\/p>\n\n\n\n<p><strong>Plus de 80 artistes se sont succ\u00e9d\u00e9 au palmar\u00e8s du Festival International de Magie Lille M\u00e9tropole depuis 2001.<\/strong><\/p>\n\n\n\n<h2 class=\"wp-block-heading has-text-align-center\"><\/h2>\n\n\n\n<h1 class=\"wp-block-heading has-text-align-center\"><strong>FESTIVAL MAGIE EDITION 2025<\/strong><\/h1>\n\n\n\n<figure class=\"wp-block-image aligncenter size-full is-resized\"><a href=\"https:\/\/www.youtube.com\/watch?v=XnGBZVHrrbw\" target=\"_blank\" rel=\"noopener\"><img loading=\"lazy\" decoding=\"async\" width=\"517\" height=\"156\" src=\"https:\/\/alexishazard.com\/wp-content\/uploads\/2026\/02\/video-2.jpg\" alt=\"\" class=\"wp-image-274\" style=\"width:158px;height:auto\" srcset=\"https:\/\/alexishazard.com\/wp-content\/uploads\/2026\/02\/video-2.jpg 517w, https:\/\/alexishazard.com\/wp-content\/uploads\/2026\/02\/video-2-300x91.jpg 300w\" sizes=\"auto, (max-width: 517px) 100vw, 517px\" \/><\/a><\/figure>\n\n\n\n<figure class=\"wp-block-image size-full\"><img loading=\"lazy\" decoding=\"async\" width=\"899\" height=\"466\" src=\"https:\/\/alexishazard.com\/wp-content\/uploads\/2026\/02\/festival-image-2-1.png\" alt=\"\" class=\"wp-image-276\" srcset=\"https:\/\/alexishazard.com\/wp-content\/uploads\/2026\/02\/festival-image-2-1.png 899w, https:\/\/alexishazard.com\/wp-content\/uploads\/2026\/02\/festival-image-2-1-300x156.png 300w, https:\/\/alexishazard.com\/wp-content\/uploads\/2026\/02\/festival-image-2-1-768x398.png 768w\" sizes=\"auto, (max-width: 899px) 100vw, 899px\" \/><\/figure>\n\n\n\n<p><\/p>\n\n\n\n<h1 class=\"wp-block-heading has-text-align-center\"><strong>FESTIVAL MAGIE EDITION 2024<\/strong><\/h1>\n\n\n\n<figure class=\"wp-block-image aligncenter size-full is-resized\"><a href=\"https:\/\/www.youtube.com\/watch?v=gmmi-_pLcWI\" target=\"_blank\" rel=\"noopener\"><img loading=\"lazy\" decoding=\"async\" width=\"517\" height=\"156\" src=\"https:\/\/alexishazard.com\/wp-content\/uploads\/2026\/02\/video-2.jpg\" alt=\"\" class=\"wp-image-274\" style=\"aspect-ratio:3.3159224936815503;width:159px;height:auto\" srcset=\"https:\/\/alexishazard.com\/wp-content\/uploads\/2026\/02\/video-2.jpg 517w, https:\/\/alexishazard.com\/wp-content\/uploads\/2026\/02\/video-2-300x91.jpg 300w\" sizes=\"auto, (max-width: 517px) 100vw, 517px\" \/><\/a><\/figure>\n\n\n\n<figure class=\"wp-block-image size-full\"><img loading=\"lazy\" decoding=\"async\" width=\"922\" height=\"473\" src=\"https:\/\/alexishazard.com\/wp-content\/uploads\/2026\/02\/festival-image-3-1.png\" alt=\"\" class=\"wp-image-282\" srcset=\"https:\/\/alexishazard.com\/wp-content\/uploads\/2026\/02\/festival-image-3-1.png 922w, https:\/\/alexishazard.com\/wp-content\/uploads\/2026\/02\/festival-image-3-1-300x154.png 300w, https:\/\/alexishazard.com\/wp-content\/uploads\/2026\/02\/festival-image-3-1-768x394.png 768w\" sizes=\"auto, (max-width: 922px) 100vw, 922px\" \/><\/figure>\n\n\n\n<p>     <\/p>\n\n\n\n<h1 class=\"wp-block-heading has-text-align-center\"><strong>FESTIVAL MAGIE EDITION 2023<\/strong><\/h1>\n\n\n\n<figure class=\"wp-block-image aligncenter size-full is-resized\"><a href=\"https:\/\/www.youtube.com\/watch?v=jkgqEmpM0vg\" target=\"_blank\" rel=\"noopener\"><img loading=\"lazy\" decoding=\"async\" width=\"517\" height=\"156\" src=\"https:\/\/alexishazard.com\/wp-content\/uploads\/2026\/02\/video-3.jpg\" alt=\"\" class=\"wp-image-284\" style=\"aspect-ratio:3.315315315315315;width:161px;height:auto\" srcset=\"https:\/\/alexishazard.com\/wp-content\/uploads\/2026\/02\/video-3.jpg 517w, https:\/\/alexishazard.com\/wp-content\/uploads\/2026\/02\/video-3-300x91.jpg 300w\" sizes=\"auto, (max-width: 517px) 100vw, 517px\" \/><\/a><\/figure>\n\n\n\n<figure class=\"wp-block-image size-full\"><img loading=\"lazy\" decoding=\"async\" width=\"917\" height=\"464\" src=\"https:\/\/alexishazard.com\/wp-content\/uploads\/2026\/02\/festival-image-4-1.png\" alt=\"\" class=\"wp-image-287\" srcset=\"https:\/\/alexishazard.com\/wp-content\/uploads\/2026\/02\/festival-image-4-1.png 917w, https:\/\/alexishazard.com\/wp-content\/uploads\/2026\/02\/festival-image-4-1-300x152.png 300w, https:\/\/alexishazard.com\/wp-content\/uploads\/2026\/02\/festival-image-4-1-768x389.png 768w\" sizes=\"auto, (max-width: 917px) 100vw, 917px\" \/><\/figure>\n\n\n\n<p>       <\/p>\n\n\n\n<h1 class=\"wp-block-heading has-text-align-center\"><strong>FESTIVAL MAGIE EDITION 2022<\/strong><\/h1>\n\n\n\n<figure class=\"wp-block-image aligncenter size-full is-resized\"><a href=\"https:\/\/www.youtube.com\/watch?v=qvRoySl7OS8\" target=\"_blank\" rel=\"noopener\"><img loading=\"lazy\" decoding=\"async\" width=\"517\" height=\"156\" src=\"https:\/\/alexishazard.com\/wp-content\/uploads\/2026\/02\/video-4.jpg\" alt=\"\" class=\"wp-image-294\" style=\"width:161px;height:auto\" srcset=\"https:\/\/alexishazard.com\/wp-content\/uploads\/2026\/02\/video-4.jpg 517w, https:\/\/alexishazard.com\/wp-content\/uploads\/2026\/02\/video-4-300x91.jpg 300w\" sizes=\"auto, (max-width: 517px) 100vw, 517px\" \/><\/a><\/figure>\n\n\n\n<figure class=\"wp-block-image size-full\"><img loading=\"lazy\" decoding=\"async\" width=\"926\" height=\"471\" src=\"https:\/\/alexishazard.com\/wp-content\/uploads\/2026\/02\/festival-image-5-1.png\" alt=\"\" class=\"wp-image-292\" srcset=\"https:\/\/alexishazard.com\/wp-content\/uploads\/2026\/02\/festival-image-5-1.png 926w, https:\/\/alexishazard.com\/wp-content\/uploads\/2026\/02\/festival-image-5-1-300x153.png 300w, https:\/\/alexishazard.com\/wp-content\/uploads\/2026\/02\/festival-image-5-1-768x391.png 768w\" sizes=\"auto, (max-width: 926px) 100vw, 926px\" \/><\/figure>\n\n\n\n<figure class=\"wp-block-image size-full\"><img loading=\"lazy\" decoding=\"async\" width=\"944\" height=\"524\" src=\"https:\/\/alexishazard.com\/wp-content\/uploads\/2026\/02\/festival-image-6.png\" alt=\"\" class=\"wp-image-250\" srcset=\"https:\/\/alexishazard.com\/wp-content\/uploads\/2026\/02\/festival-image-6.png 944w, https:\/\/alexishazard.com\/wp-content\/uploads\/2026\/02\/festival-image-6-300x167.png 300w, https:\/\/alexishazard.com\/wp-content\/uploads\/2026\/02\/festival-image-6-768x426.png 768w\" sizes=\"auto, (max-width: 944px) 100vw, 944px\" \/><\/figure>\n\n\n\n<h2 class=\"wp-block-heading has-text-align-center\"><strong>LES ARTISTES DU FESTIVAL<\/strong><\/h2>\n\n\n\n<p class=\"has-text-align-center\"><br><strong>JEFF MAC BRIDE<\/strong><\/p>\n\n\n\n<p class=\"has-text-align-center\"><strong>ALPHA<\/strong><\/p>\n\n\n\n<p class=\"has-text-align-center\"><strong>DION<\/strong><\/p>\n\n\n\n<p class=\"has-text-align-center\"><strong>JONATHAN PENDRAGON<\/strong><\/p>\n\n\n\n<p class=\"has-text-align-center\"><strong>OTTO WESSELY<\/strong><\/p>\n\n\n\n<p class=\"has-text-align-center\"><strong>DANY LARY<\/strong><\/p>\n\n\n\n<p class=\"has-text-align-center\"><strong>CAROLINE MARX<\/strong><\/p>\n\n\n\n<p class=\"has-text-align-center\"><strong>GERARD MAJAX<\/strong><\/p>\n\n\n\n<p class=\"has-text-align-center\"><strong>TOPAZ<\/strong><\/p>\n\n\n\n<p class=\"has-text-align-center\"><strong>PETER MARVEY<\/strong><\/p>\n\n\n\n<p class=\"has-text-align-center\"><strong>NORBERT FERRET<\/strong><\/p>\n\n\n\n<p class=\"has-text-align-center\"><strong>HANS DAVIS<\/strong><\/p>\n\n\n\n<p class=\"has-text-align-center\"><strong>MERVIL<\/strong><strong><br><\/strong><strong>RAPHAEL<\/strong><strong><br><\/strong><strong>ALLAN HART<\/strong><\/p>\n\n\n\n<p class=\"has-text-align-center\"><strong>PILOU<\/strong><\/p>\n\n\n\n<p class=\"has-text-align-center\"><strong>ADRIEN QUILLIEN<\/strong><\/p>\n\n\n\n<p class=\"has-text-align-center\"><strong>MARTINE CHABRY<\/strong><\/p>\n\n\n\n<p class=\"has-text-align-center\"><strong>MAX GUITO<\/strong><\/p>\n\n\n\n<p class=\"has-text-align-center\"><strong>JIMMY DELP<\/strong><\/p>\n\n\n\n<p class=\"has-text-align-center\"><strong>FRANCK WELLS<\/strong><\/p>\n\n\n\n<p class=\"has-text-align-center\"><strong>ROY NEVES<\/strong><\/p>\n\n\n\n<p class=\"has-text-align-center\"><strong>CHRISTIAN GABRIEL<\/strong><\/p>\n\n\n\n<p class=\"has-text-align-center\"><strong>DAVID SOUZAYANNIS WHY<\/strong><\/p>\n\n\n\n<p class=\"has-text-align-center\"><strong>BARTO<\/strong><\/p>\n\n\n\n<p class=\"has-text-align-center\"><strong>XAVIER CONSTANTINE<\/strong><\/p>\n\n\n\n<p class=\"has-text-align-center\"><strong>JEROME MURAT<\/strong><\/p>\n\n\n\n<p class=\"has-text-align-center\"><strong>LES VIRTUOSES<\/strong><\/p>\n\n\n\n<p class=\"has-text-align-center\"><strong>DUO KYBALION<\/strong><\/p>\n\n\n\n<p class=\"has-text-align-center\"><strong>MATHIEU STEPSON<\/strong><\/p>\n\n\n\n<p class=\"has-text-align-center\"><strong>OMAR PASHA<\/strong><\/p>\n\n\n\n<p class=\"has-text-align-center\"><strong>ALVARO CORTES<\/strong><\/p>\n\n\n\n<p class=\"has-text-align-center\"><strong>ZACK ET STAN<\/strong><\/p>\n\n\n\n<p class=\"has-text-align-center\"><strong>JULIUS FRACK<\/strong><\/p>\n\n\n\n<p class=\"has-text-align-center\"><strong>JEAN GARIN<\/strong><\/p>\n\n\n\n<p class=\"has-text-align-center\"><strong>ARKADIO<\/strong><\/p>\n\n\n\n<p class=\"has-text-align-center\"><strong>JUAN MAYORAL<\/strong><\/p>\n\n\n\n<p class=\"has-text-align-center\"><strong>COMPAGNIE DU TARMAC<\/strong><\/p>\n\n\n\n<p class=\"has-text-align-center\"><strong>ELASTIC<\/strong><\/p>\n\n\n\n<p class=\"has-text-align-center\"><strong>MARC ANTOINE<\/strong><\/p>\n\n\n\n<p class=\"has-text-align-center\"><strong>AARON CROW<\/strong><\/p>\n","protected":false},"excerpt":{"rendered":"<p>Depuis 25 ans, le Festival de Magie Lille M\u00e9tropole est un \u00e9v\u00e9nement majeur dans le monde de la magie, cr\u00e9\u00e9 en 2001 par le magicien Alexis Hazard et parrain\u00e9 par St\u00e9phane Bern.&nbsp; Son objectif est de mettre \u00e0 l&rsquo;honneur l&rsquo;art magique sous toutes ses formes, en accueillant des artistes de renomm\u00e9e mondiale. Depuis sa cr\u00e9ation, [&hellip;]<\/p>\n","protected":false},"author":1,"featured_media":0,"parent":0,"menu_order":0,"comment_status":"closed","ping_status":"closed","template":"","meta":{"footnotes":""},"class_list":["post-238","page","type-page","status-publish","hentry"],"_links":{"self":[{"href":"https:\/\/alexishazard.com\/index.php\/wp-json\/wp\/v2\/pages\/238","targetHints":{"allow":["GET"]}}],"collection":[{"href":"https:\/\/alexishazard.com\/index.php\/wp-json\/wp\/v2\/pages"}],"about":[{"href":"https:\/\/alexishazard.com\/index.php\/wp-json\/wp\/v2\/types\/page"}],"author":[{"embeddable":true,"href":"https:\/\/alexishazard.com\/index.php\/wp-json\/wp\/v2\/users\/1"}],"replies":[{"embeddable":true,"href":"https:\/\/alexishazard.com\/index.php\/wp-json\/wp\/v2\/comments?post=238"}],"version-history":[{"count":23,"href":"https:\/\/alexishazard.com\/index.php\/wp-json\/wp\/v2\/pages\/238\/revisions"}],"predecessor-version":[{"id":297,"href":"https:\/\/alexishazard.com\/index.php\/wp-json\/wp\/v2\/pages\/238\/revisions\/297"}],"wp:attachment":[{"href":"https:\/\/alexishazard.com\/index.php\/wp-json\/wp\/v2\/media?parent=238"}],"curies":[{"name":"wp","href":"https:\/\/api.w.org\/{rel}","templated":true}]}}