{"id":222,"date":"2026-02-12T12:34:59","date_gmt":"2026-02-12T10:34:59","guid":{"rendered":"https:\/\/alexishazard.com\/?page_id=222"},"modified":"2026-03-10T17:28:20","modified_gmt":"2026-03-10T15:28:20","slug":"voir-grand-tres-tot","status":"publish","type":"page","link":"https:\/\/alexishazard.com\/index.php\/voir-grand-tres-tot\/","title":{"rendered":"VOIR GRAND TR\u00c8S T\u00d4T"},"content":{"rendered":"\n<h2 class=\"wp-block-heading\">Voir grand, tr\u00e8s t\u00f4t<\/h2>\n\n\n\n<figure class=\"wp-block-image size-large\"><img loading=\"lazy\" decoding=\"async\" width=\"1024\" height=\"425\" src=\"https:\/\/alexishazard.com\/wp-content\/uploads\/2026\/02\/Salut-festival-ok-1024x425.jpg\" alt=\"\" class=\"wp-image-232\" srcset=\"https:\/\/alexishazard.com\/wp-content\/uploads\/2026\/02\/Salut-festival-ok-1024x425.jpg 1024w, https:\/\/alexishazard.com\/wp-content\/uploads\/2026\/02\/Salut-festival-ok-300x124.jpg 300w, https:\/\/alexishazard.com\/wp-content\/uploads\/2026\/02\/Salut-festival-ok-768x319.jpg 768w, https:\/\/alexishazard.com\/wp-content\/uploads\/2026\/02\/Salut-festival-ok-1536x637.jpg 1536w, https:\/\/alexishazard.com\/wp-content\/uploads\/2026\/02\/Salut-festival-ok-2048x849.jpg 2048w\" sizes=\"auto, (max-width: 1024px) 100vw, 1024px\" \/><\/figure>\n\n\n\n<p>\u00c0 seulement 20 ans, Alexis ne pense d\u00e9j\u00e0 plus petit. Il cr\u00e9e et organise des \u00e9v\u00e9nements d\u2019envergure, dont le Festival de Magie de Lille, o\u00f9 il c\u00f4toie et engage ceux qui l\u2019ont fait r\u00eaver.<\/p>\n\n\n\n<p>Il rencontre alors ses idoles : les grands magiciens am\u00e9ricains, Jonathan Pendragon, Jeff McBride, et d\u2019autres figures internationales.<\/p>\n\n\n\n<p>Il observe, \u00e9change, apprend et surtout, il concr\u00e9tise. Des id\u00e9es audacieuses, parfois jug\u00e9es irr\u00e9alisables, prennent vie sur sc\u00e8ne.<\/p>\n\n\n\n<p>Au fil des ann\u00e9es, le Festival de Magie de Lille s\u2019inscrit durablement dans le paysage artistique. Il se p\u00e9rennise, grandit et continue aujourd\u2019hui encore de faire r\u00eaver artistes comme spectateurs, fid\u00e8le \u00e0 l\u2019ambition qui l\u2019a vu na\u00eetre.<\/p>\n\n\n\n<div style=\"height:42px\" aria-hidden=\"true\" class=\"wp-block-spacer\"><\/div>\n\n\n\n<h2 class=\"wp-block-heading\">L\u2019illusion comme h\u00e9ritage, la magie comme destin\u00e9e<\/h2>\n\n\n\n<div class=\"wp-block-media-text is-stacked-on-mobile\"><figure class=\"wp-block-media-text__media\"><img loading=\"lazy\" decoding=\"async\" width=\"1024\" height=\"683\" src=\"https:\/\/alexishazard.com\/wp-content\/uploads\/2026\/02\/1K4A0935-1024x683.jpg\" alt=\"\" class=\"wp-image-330 size-full\" srcset=\"https:\/\/alexishazard.com\/wp-content\/uploads\/2026\/02\/1K4A0935-1024x683.jpg 1024w, https:\/\/alexishazard.com\/wp-content\/uploads\/2026\/02\/1K4A0935-300x200.jpg 300w, https:\/\/alexishazard.com\/wp-content\/uploads\/2026\/02\/1K4A0935-768x512.jpg 768w, https:\/\/alexishazard.com\/wp-content\/uploads\/2026\/02\/1K4A0935-1536x1024.jpg 1536w, https:\/\/alexishazard.com\/wp-content\/uploads\/2026\/02\/1K4A0935-2048x1365.jpg 2048w\" sizes=\"auto, (max-width: 1024px) 100vw, 1024px\" \/><\/figure><div class=\"wp-block-media-text__content\">\n<p>Chez Alexis Hazard, la magie coule dans les veines\u2026<\/p>\n\n\n\n<p>N\u00e9 au c\u0153ur d\u2019une lign\u00e9e d\u2019artistes, un grand-p\u00e8re, un p\u00e8re et avant m\u00eame de savoir ce que signifie le mot \u00ab vocation \u00bb, Alexis baigne d\u00e9j\u00e0 dans cet h\u00e9ritage artistique.<\/p>\n<\/div><\/div>\n\n\n\n<p>Dans les coulisses, il cherche dans les valises de ses grands-parents, d\u00e9couvre des bo\u00eetes secr\u00e8tes dont il ignore encore la fonction.<\/p>\n\n\n\n<p>Tr\u00e8s vite, Alexis sait qu\u2019il veut faire vivre l\u2019\u00e9merveillement au fil des g\u00e9n\u00e9rations. Il laisse la magie grandir en lui pour qu\u2019un jour ses r\u00eaves deviennent r\u00e9alit\u00e9 et deviendra magicien.<\/p>\n\n\n\n<p>Il se nourrit alors des grandes figures de l\u2019illusion, de celles qui ont marqu\u00e9 l\u2019histoire de la magie.<\/p>\n\n\n\n<p>Des sc\u00e8nes mythiques de Las Vegas avec Siegfried &amp; Roy \u00e0 l\u2019\u00e9l\u00e9gance de Jean-Eug\u00e8ne Robert-Houdin, en passant par l\u2019audace d\u2019Harry Houdini, la cin\u00e9matographie de Georges M\u00e9li\u00e8s, l\u2019inventivit\u00e9 de Bu\u00e2tier de Kolta et les grandes fresques contemporaines de David Copperfield.<\/p>\n\n\n\n<p>Autant d\u2019inspirations qui nourrissent son imaginaire, sans jamais l\u2019\u00e9loigner de sa propre volont\u00e9.<\/p>\n\n\n\n<div style=\"height:40px\" aria-hidden=\"true\" class=\"wp-block-spacer\"><\/div>\n\n\n\n<h2 class=\"wp-block-heading\">Entre raison et passion : les \u00e9tudes<\/h2>\n\n\n\n<p>\u00c0 15 ans, il monte son premier spectacle. Ses parents, soucieux de lui donner une fondation solide, l\u2019encouragent \u00e0 poursuivre ses \u00e9tudes.<\/p>\n\n\n\n<p>Alexis poursuit en parall\u00e8le des \u00e9tudes de communication dans une grande \u00e9cole de commerce \u00e0 Lille.<\/p>\n\n\n\n<p>Il joue le jeu jusqu\u2019au bout. S\u00e9rieusement. Sans jamais renoncer \u00e0 la sc\u00e8ne.<\/p>\n\n\n\n<p>Pendant ses \u00e9tudes, il se produit d\u00e9j\u00e0, cr\u00e9e, teste, affine. Une seule id\u00e9e l\u2019habite : vivre de sa passion d\u00e8s que le dipl\u00f4me sera en poche.<\/p>\n\n\n\n<p>Mission accomplie. \u00c0 peine dipl\u00f4m\u00e9, il devient professionnel \u00e0 part enti\u00e8re.<\/p>\n","protected":false},"excerpt":{"rendered":"<p>Voir grand, tr\u00e8s t\u00f4t \u00c0 seulement 20 ans, Alexis ne pense d\u00e9j\u00e0 plus petit. Il cr\u00e9e et organise des \u00e9v\u00e9nements d\u2019envergure, dont le Festival de Magie de Lille, o\u00f9 il c\u00f4toie et engage ceux qui l\u2019ont fait r\u00eaver. Il rencontre alors ses idoles : les grands magiciens am\u00e9ricains, Jonathan Pendragon, Jeff McBride, et d\u2019autres figures [&hellip;]<\/p>\n","protected":false},"author":1,"featured_media":398,"parent":0,"menu_order":0,"comment_status":"closed","ping_status":"closed","template":"","meta":{"footnotes":""},"class_list":["post-222","page","type-page","status-publish","has-post-thumbnail","hentry"],"_links":{"self":[{"href":"https:\/\/alexishazard.com\/index.php\/wp-json\/wp\/v2\/pages\/222","targetHints":{"allow":["GET"]}}],"collection":[{"href":"https:\/\/alexishazard.com\/index.php\/wp-json\/wp\/v2\/pages"}],"about":[{"href":"https:\/\/alexishazard.com\/index.php\/wp-json\/wp\/v2\/types\/page"}],"author":[{"embeddable":true,"href":"https:\/\/alexishazard.com\/index.php\/wp-json\/wp\/v2\/users\/1"}],"replies":[{"embeddable":true,"href":"https:\/\/alexishazard.com\/index.php\/wp-json\/wp\/v2\/comments?post=222"}],"version-history":[{"count":13,"href":"https:\/\/alexishazard.com\/index.php\/wp-json\/wp\/v2\/pages\/222\/revisions"}],"predecessor-version":[{"id":503,"href":"https:\/\/alexishazard.com\/index.php\/wp-json\/wp\/v2\/pages\/222\/revisions\/503"}],"wp:featuredmedia":[{"embeddable":true,"href":"https:\/\/alexishazard.com\/index.php\/wp-json\/wp\/v2\/media\/398"}],"wp:attachment":[{"href":"https:\/\/alexishazard.com\/index.php\/wp-json\/wp\/v2\/media?parent=222"}],"curies":[{"name":"wp","href":"https:\/\/api.w.org\/{rel}","templated":true}]}}